
-1
-370 - -374 - (2 - -27)
-25
Evaluate -3 + -25 + 38 - (1 + (-2 - -3)).
8
(-5 - (8 - (9 + -4) - 7)) + 5
4
What is 8 + (14 - (2 - -14) - 40)?
-34
-292 - -333 - (10 + 1)
30
What is the value of (6 - 15 - -17) + 6 + 3?
17
Evaluate 154 + -176 + 30 + -4.
4
Evaluate 23 - 26 - (-23 + 5 + -1).
16
What is (-21 - -1) + -33 + 54?
1
-6 + 2 - (2 + 14) - (-99 + 92)
-13
Evaluate (-7 + 8 - -12) + -9 + (3 - 1).
6
Evaluate (28 - 18) + -11 + 0.
-1
What is the value of -20 + -31 + 117 + -41?
25
What is (3 + -3 + -1 - (82 - 84)) + 19?
20
-13 + (-12 - 3 - (3 + -9))
-22
-32 + (-4 - 0) + 21
-15
Calculate 1 - (304 + -317 - ((-4 - 1) + 0)).
9
Calculate 1 - -8 - (2 + 4 - 9).
12
What is 8 - (16 - (-21 - -24))?
-5
(-15 - -9 - -3) + (12 - 6)
3
Evaluate -55 - -40 - (-16 - 4 - 4).
9
What is -18 + 17 - (-10 + (-2 - -2) + 3)?
6
(9 - (-1 - -3 - 2)) + (-193 - -190)
6
What is the value of -3 + (21 - 11) + -3?
4
Calculate 1 + -1 - 1 - (-3 + 3 + 9).
-10
What is 6 + (-21 - (-23 + -3))?
11
Evaluate -51 - -25 - -41 - ((1 - -4) + 2).
8
Calculate -7 + (6 - -6) + 6 + -20.
-9
Evaluate 6 + -17 - (-5 - -6).
-12
-1 + -23 - (51 + -53)
-22
What is (-15 - (6 + -10) - -3) + 8?
0
What is the value of -25 + 2 + (-60 - -99) - (3 - -1)?
12
What is (14 - -1) + (10 - 42) + -8 + 1?
-24
Evaluate 5 + (6 - 9 - -4) - 5.
1
Evaluate 50 + (32 - 87 - -27).
22
What is 121 + -130 - (7 - 2)?
-14
Calculate 1 - 0 - -4 - (-189 + 178).
16
-34 + 82 + -41 + -15
-8
Calculate 27 - (21 + (7 - 25)).
24
What is 17 - ((-10 + 4 + 20 - 3) + -1)?
7
What is the value of 3 + 7 + (6 - 19) + 1 + 3?
1
-17 - (4 - 3) - (613 + -629)
-2
Evaluate (-4 + 1 - 5) + 3 - (-8 + -12).
15
What is -1 + -4 + (-6 - (27 - 28))?
-10
-16 + 58 - -2 - 16 - -3
31
Calculate -3 - -13 - 3 - (4 + -1) - 1.
3
What is -28 + (41 - -21) + -54?
-20
Evaluate -3 + -1 + 4 + -23 + 10 + 5.
-8
Evaluate (-4 - -12) + 0 - (2 + 33 + -3).
-24
-29 + 31 + -2 + 0 + 5 + -5
0
Evaluate 12 - (-1 + -1) - (-1 - 10 - -13).
12
Calculate 18 + (-5 - -9) - (0 + (8 - 7)).
21
Calculate (20 + -4 - -2) + 8 + 1 + -12.
15
What is 89 + -122 + (5 - (-5 + 1 - -2))?
-26
Evaluate 22 + (-27 - 7) - (3 + -3).
-12
Calculate 3 - (8 + -4 - (-4 + 10)) - -4.
9
What is 0 + -22 - -18 - (-2 - 14)?
12
What is the value of 18 - (-24 + 1 + 45)?
-4
What is 15 + (13 - (19 + -6)) - 12?
3
Calculate 24 + -4 + -8 - (-42 + 88).
-34
Evaluate 23 + -45 + 5 + 9.
-8
Evaluate 3 - (12 + (2 - (3 + 3)) + -16).
11
6 - (-7 - -9) - (-26 - (1 - 17))
14
28 + 17 + -47 + (0 - 2 - -4)
0
Calculate -7 - -1 - (8 + -30 + (11 - 1)).
6
What is -1 + -6 + (2 - 12) + 10?
-7
What is (-30 + -7 - -10) + 17?
-10
Evaluate 2 + 21 + (-17 - -29).
35
Evaluate -3 + (-7 - -10 - 4) + -48 + 58.
6
Evaluate 19 + (-2 - -7 - (8 - 9)) + -9.
16
26 - (5 + -13 - -6 - -6)
22
What is the value of -27 + (41 - (12 - -12))?
-10
10 - (0 + -11 + 0 + (12 - 6))
15
Calculate -5 + (6 - -3) + (10 + -24 - 0).
-10
Calculate -2 - 13 - (-16 + -1).
2
Calculate (13 - 13) + (7 - 24 - (-3 + -1)).
-13
What is the value of 23 + (-38 - -17) + -16 + 2?
-12
What is the value of -4 - -2 - (530 - 559)?
27
Evaluate 5 + -5 + -24 - -14.
-10
Evaluate 1 + 4 + (-1 - (6 + -7 + -7)).
12
What is -9 - (35 - 34 - (-4 - 0))?
-14
Evaluate (1 - 24) + (51 - (53 - 12)).
-13
Calculate 23 + -61 + 3 + 21.
-14
What is the value of -15 + -1 - (-68 + 36 + 12)?
4
9 + 14 + -28 - 9
-14
Calculate -1 - 5 - ((9 - 27) + (-7 - 1)).
20
What is 2848 + -2839 + (-1 - -25) + (0 - -1)?
34
What is 2 - ((4 - -10 - (2 + -8)) + -7)?
-11
-29 + (17 - 31) - (-5 + -8)
-30
(-6 - -6 - (11 + -3)) + 0 + 6
-2
Evaluate -109 + 101 - (3 + -23).
12
(-2 + 1 - (3 - -23)) + (3 - 0)
-24
(-1 - 3) + (-4 - (-8 - -7 - 9))
2
What is (-1 - (-26 - (-26 - -14))) + -14?
-1
What is the value of -2 - (-2 + 10 - (1 + 6))?
-3
Evaluate 9 + 7 + -18 - -8 - (1 + -4).
9
What is the value of 2 - 1 - (15 - (78 - 60))?
4
What is the value of 12 + (-5 - -5) - (-19 + 17)?
14
Calculate -15 + (16 - (-3 - -6)).
-2
Calculate -4 + 1 + (-61 - -76).
12
What is the value of 7 + (0 - (4 + (4 - 7)) - -9)?
15
Evaluate (4 + 0 - 1) + 18.
21
What is the value of (15 - 26) + (-6 - (-12 + -1))?
-4
Calculate 1 - 0 - (13 - 23 - -16) - -7.
2
What is 18 + -7 + (5 - (8 + (-12 - -5)))?
15
Evaluate (-2 - 2) + -8 + 12.
0
What is (-329 - -381) + (-2 - 21)?
29
Calculate -1 - (5 + -16 - (36 - 30)).
16
Evaluate 0 - (-19 - (-1 + -10)).
8
2 - (1 - (-4 + -11 + 8))
-6
What is the value of (-4 - (1 + -3)) + 15 + -6 + -35?
-28
What is -1 - ((3 - 22) + 4 + 0 + -2)?
16
-6 - (37 - (55 - -8))
20
What is the value of -6 + -30 + -10 + 32?
-14
What is 1 + (4 - 25 - -8) + 4?
-8
Evaluate (42 - 37) + (-1 - 11).
-7
-44 + (2 - (-2 - 1) - -12)
-27
Calculate 6 - (41 + -44) - (0 + -2).
11
What is -5 + -1 + -4 + 2 + -3?
-11
Evaluate -2 + (2 - 10) - ((13 - -3) + -20).
-6
What is 4 + -13 - 6 - (2 + -12)?
-5
What is the value of -30 + 13 - (-1 + -1 + -1 + 12)?
-26
Evaluate (-36 - (-48 - -31)) + 7.
-12
What is the value of 4 - (0 - (1 - 3)) - (-61 + 70)?
-7
Calculate 15 + (0 - -2 - (21 - 6 - 23)).
25
Calculate -17 - (18 - 11 - 8) - (0 + -5).
-11
Calculate 30 - (37 - 20 - -24).
-11
What is -3 - (0 - 8) - ((0 - -1) + -1)?
5
9 + -20 + (-16 - -38) + -3
8
Evaluate -6 + (-4 - (7 + -6)) + 5 + -3.
-9
Calculate 32 + (-21 + 15 - 10).
16
Evaluate -14 - 1 - (-57 + 34).
8
Calculate (0 - (17 + -6) - -5) + -2 + 10.
2
What is 0 + 6 + 0 + 1 - (-5 - -7)?
5
Evaluate 42 - (16 - -10) - (2 + (0 - -1)).
13
What is -3 + (10 - ((-8 - -8) + 9))?
-2
What is (10 - (-10 + 8)) + -6?
6
Calculate 19 + (-28 - -2) + -3.
-10
Evaluate 7 + -4 + -9 + 7 - 10.
-9
13 + -15 + 0 + 3
1
Calculate 2 + 7 + 0 - -4.
13
(2 - (14 + (11 - 60))) + (6 - 16)
27
What is (254 - 249) + (3 - (-2 - -9))?
1
Calculate (-5 - 8 - (-7 + 3)) + 6 + 15.
12
What is the value of 0 - 5 - (-28 + 14 + 40 - 35)?
4
(-39 - -23) + 26 - 4
6
Evaluate -13 + 4 - ((3 - (-3 - -11)) + 5).
-9
What is the value of -25 + (-18 - -37) + -16?
-22
Calculate 0 + (11 + -11 - 8).
-8
Calculate (-3 - -13 - 1) + (1 - 2).
8
What is the value of -9 + 7 + -4 + -3 + 2?
-7
What is the value of 51 - (48 + 8 + -28)?
23
What is the value of -1272 + 1221 + (26 - 0)?
-25
What is the value of 1 + 6 + -7 + (2 - (12 + -6))?
-4
What is 3 - (-8 - (-2 + 23)) - 12?
20
What is the value of (-20 - (-49 - -4)) + -19?
6
(-12 - 10) + 20 + -1 + 8
5
Evaluate 21 - 28 - ((-2 - -3) + -18).
10
What is (6 + -5 + 19 - 6) + -2?
12
Evaluate (-8 - 0) + (356 - 346).
2
-18 - (-12 + -4 + 9 + 11)
-22
Calculate (-4 + 6 - 3) + (17 - 7 - 14).
-5
What is the value of 9 - (-4 - -11) - (0 + 9)?
-7
23 + -33 + 7 + -12
-15
What is the value of (-11 - -8 - -36) + -2?
31
What is the value of -2 + (-8 - 12) + 14 + 1 + 1?
-6
Calculate 1 + -22 + -123 + 126.
-18
What is 5 + -7 - (3 - (6 + -1) - -3)?
-3
Evaluate -28 + 27 + (-5 - 1) - (-3 - 1).
-3
What is the value of -1 + (-7 + 30 - 11) + -3 + 1?
9
What is the value of 27 - (1 + 3 + 3 - -6)?
14
Calculate 25 + -21 - (-2 + -4 + (14 - 7)).
3
Calculate (-15 - (-4 + 17)) + 1 + -2 + 1.
-28
-3 + (-31 - -16) + 8
-10
Evaluate -13 - -35 - (6 + -3).
19
(14 - (25 - -9)) + 22
2
What is (6 - 6) + (14 - 4)?
10
6 + (8 - (11 - (-5 + -5 + 10)))
3
-8 + -3 + 1 - (-39 - (-55 - -22))
-4
What is the value of -3 + -1 + -1 + 1 + (282 - 306)?
-28
Evaluate -5 + -1 + (4 - 4) + (3 - 18).
-21
23 + -11 + -9 - (-9 + -1 + 1)
12
Calculate (6 - -2 - (1 - (10 + -5))) + -7.
5
What is the value of 10 + 6 + -23 - -20?
13
399 + -402 + 1 + -33
-35
What is the value of (0 - -16) + (277 - 296)?
-3
Evaluate 1 - 1 - (-49 - -56) - -13.
6
What is -8 + 6 - -3 - 1 - (9 + -1)?
-8
1 + -6 - (7 + (-18 - (-14 - 4)))
-12
What is 0 + 8 + (-31 - (-12 - 5))?
-6
Calculate (-1 - -5) + 24 + (-7 - 8).
13
What is 7 - -7 - 8 - (9 + 15)?
-18
What is 2 + 9 - (2 + 32 + 2)?
-25
Evaluate 6 + -7 + -2 + (-3 - -6).
0
What is -1 + 12 + 14 - 14?
11
(-3 - -12 - 11) + -3 - -20
15
-3 + -10 + 3 + 21
11
Calculate -10 + -2 + -15 + 15 - 7.
-19
What is the value of 90 + (-70 - -34) + -24?
30
What is -11 - (8 + (-7 - 11))?
-1
What is 7 - (-13 + (-12 - -41))?
-9
What is the value of 4 - -22 - -7 - 28?
5
Evaluate 2 - ((17 - 6) + -20 - (-7 + -3)).
1
22 + -6 + -19 + -1 + -12 + -2
-18
Calculate 34 - (2 + (-2 + 20 - 15)).
29
What is the value of -5 + 28 + -24 + -3?
-4
What is (-1 - (2 + 11)) + (31 - 33 - -4)?
-12
Evaluate (-2 + 0 - -13) + (-178 - -160) + 4.
-3
What is 11 + -4 + 1 + 9 + -12 + 6?
11
What